f v?
7
Let y be (0 + 0)/((-12)/(-6)). Suppose -5*i = 3*s + 15, -5*s = -y*i - 3*i + 25. Suppose -4*h + 25 + 143 = i. List the prime factors of h.
2, 3, 7
List the prime factors of 25/(-25) + (-3070)/(-2) - -3.
29, 53
Let n = 165 + -93. Suppose n - 582 = -6*o. Let l = o + -21. List the prime factors of l.
2
Suppose 12*f = 4840 + 680. List the prime factors of f.
2, 5, 23
Suppose -5*b + 5*q = 95, 24 = -2*b + 4*q - 10. Let r = b + 6. What are the prime factors of 33/2*(-10)/r?
11
Suppose 0 = 27*n - 19*n - 6576. What are the prime factors of n?
2, 3, 137
Suppose 0 = t + t + d - 6, 6 = 2*t - 4*d. What are the prime factors of (-12)/t + 348/4?
83
Suppose 0*t - 67*t + 34572 = 0. List the prime factors of t.
2, 3, 43
Suppose -2*v = 3*v - 15. Let i be 824/24*v/1. Suppose 0 = -5*y + i + 42. What are the prime factors of y?
29
Let u(q) = -q. Suppose -y + 4*o + 20 = 0, 3*o + 0 = -3. Let j = y + -27. List the prime factors of u(j).
11
Let x = 11 - 7. Suppose x*h - q = 489, 0*q + 262 = 2*h - 4*q. List the prime factors of h.
11
Let s be (33/(-9) - -4)*111. Let l = s - -15. What are the prime factors of l?
2, 13
Let g be 3*(-2 - 24/(-9)). Suppose 2*z - 3*v - 13 = -0*z, z = g*v + 7. Suppose -j + 6*j = 2*w - 15, -5*j = -w + z. What are the prime factors of w?
2, 5
Let c = -15 + 13. What are the prime factors of (4/(-6))/((-164)/(-84) + c)?
2, 7
Let a(w) = 4*w + 49. Let t be a(-11). Suppose 3*h + 152 = t*h. What are the prime factors of h?
2, 19
Suppose h = -h + 190. Let n(u) = u**2 + 2*u - 5. Let f be n(-4). Suppose 2*j - 33 = 4*i + 7, i = -f*j + h. List the prime factors of j.
2, 3, 5
Let f be 4 + -2 + 0/4. Let q(t) = -5*t**2 - 14*t + 0*t**2 - 9 + 4*t**f. What are the prime factors of q(-9)?
2, 3
Suppose -60 + 4 = -4*d. Let a = 0 + d. List the prime factors of a.
2, 7
List the prime factors of 1/3 + 10600/15.
7, 101
Let o be (3184/20 + -8)/(1/5). List the prime factors of (-6)/(-15) + (o/(-15))/(-4).
13
Let y(z) = 4*z**2 - 39*z - 30. Let a(q) = -3*q**2 + 26*q + 20. Let f(w) = 7*a(w) + 5*y(w). Let i be f(-11). Let b = 22 - i. List the prime factors of b.
2, 5
What are the prime factors of (46*-11)/((-92)/506) + 4?
3, 929
Let q(h) = h - 6. Let c be q(9). Suppose -4*p + 8 = 0, o - 12 = c*p + 59. List the prime factors of o.
7, 11
What are the prime factors of 199 - (-4 - (5 + -14))?
2, 97
Suppose -4*y + 512 = -a, -627 = -5*y - 5*a - 12. List the prime factors of y.
127
Let q = -2568 + 7076. Suppose -q = -11*t - 1406. List the prime factors of t.
2, 3, 47
Let w = -75 + 49. Let m = w - -27. List the prime factors of 51 + -1 - (-3 + m).
2, 13
Suppose 0 = -2*o + m + 98, -o + 5*o = -5*m + 182. Suppose -h = -4*h + o. What are the prime factors of h?
2
List the prime factors of 9 + 1290/(10 - 8).
2, 3, 109
Suppose -g = 5*t + 2*g - 160, 0 = -3*t - 2*g + 97. Suppose 2*z = 2*a - 31 - t, 34 = a - 2*z. List the prime factors of a.
2, 13
Let c = -2898 - -4953. List the prime factors of c.
3, 5, 137
Suppose -3*r - 293 = -104. Let a be 14/(-3)*54/r. List the prime factors of (2/(-5))/(a/(-260)).
2, 13
Let g = 358 + 105. What are the prime factors of g?
463
Suppose 5*x + 5*a - 2*a - 15601 = 0, 4*x - 2*a - 12494 = 0. List the prime factors of x.
2, 7, 223
Let v = -14 + 211. List the prime factors of v.
197
Let q(f) = 24*f**3 - f**2 - 3*f + 5. Let n be q(2). Let g = n - 81. What are the prime factors of g?
2, 53
Let x(t) = 30*t**2 + 5*t - 6. Suppose -9*r = r - 10. List the prime factors of x(r).
29
Let w = -18 - -10. Let d be 1 + 1 - w/4. Suppose 3*l - 9 = -3*b, -d*l + l - 15 = -3*b. List the prime factors of b.
2
Let t be 0 - 3*1/(-1). Suppose -5*j = 20, 446 = t*w + 2*j - j. Suppose -3*v = -33 - w. What are the prime factors of v?
61
Let w = 1 + -2. Let q(f) = -247*f**3. Let z be q(w). List the prime factors of (-38)/z + (-782)/(-13).
2, 3, 5
Let f(p) = -p**3 - 17*p**2 + 2. Let w be f(-17). Suppose 2*x = 24 - w. List the prime factors of x.
11
Let x(i) = -i + 2. Let s be x(0). Suppose 3*h = -2*l - 17, -l - s*h = -5*l - 42. What are the prime factors of 275/7 + l/35?
3, 13
Let p be 83 - (3/1 - 6). Suppose 6 = -2*z, -3*z + 1 = -s + p. List the prime factors of s.
2, 19
Let z be (-3 - -1)*(-15)/10. Let g be (-78 + 0)*(1 - z). Suppose 2*b + r = 78, 0*b = -4*b - r + g. List the prime factors of b.
3, 13
Suppose 0 = 5*g - 5336 - 204. What are the prime factors of g?
2, 277
Suppose 2*h + h + 4*f + 14914 = 0, -2*h - 3*f - 9943 = 0. What are the prime factors of (4/5)/((-7)/(h/4))?
2, 71
List the prime factors of (25/(-2))/5*35416/(-95).
2, 233
Let y(x) = -x**3 + 2*x**2 + 1606. What are the prime factors of y(0)?
2, 11, 73
Let p(u) = -6*u**2 - 2*u - 3. Let j = 5 + -7. Let g be p(j). Let k = -11 - g. What are the prime factors of k?
2, 3
Let o(x) = -102*x. Let i(d) = -4*d + 22. Let n be i(6). List the prime factors of o(n).
2, 3, 17
Suppose -3 = -3*v - d + 4, 4*d + 11 = v. Let n be (v + 1*32)/1. Suppose 0 = -5*x + 115 - n. List the prime factors of x.
2
Let a = -16 + 19. Suppose -a*z + 10 = -z. Suppose -z*p = 11 - 101. List the prime factors of p.
2, 3
Suppose 70 = -x + 58. List the prime factors of 1 - 2 - -152 - (x - -13).
2, 3, 5
Let s = -1 - 5. Let b be s/(-10) + 156/65. Suppose -3*z = 3*c - 7*z - 60, 2*c + b*z - 40 = 0. List the prime factors of c.
2, 5
Suppose s - 72 = 2*s. Let j = -59 - s. List the prime factors of j.
13
Suppose 0*m = 13*m - 390. Suppose 4*n + 92 = -4*g, -6*g - 41 = 2*n - 3*g. Let d = m + n. List the prime factors of d.
2
Let g = -7 - -6. Let t be g - 0 - (-6 + 3). Suppose b = -b - 2*j + 30, 0 = t*b - 3*j - 50. What are the prime factors of b?
19
Suppose -4*w = 45*w - 231329. What are the prime factors of w?
4721
Suppose 10*k - 3471 = 579. What are the prime factors of k?
3, 5
What are the prime factors of 89150/30*(-24)/(-40)?
1783
Suppose 3*n + 455 = -265. List the prime factors of (n/25)/((-6)/40).
2
Suppose 2*v + 107 + 55 = 3*m, -216 = -4*m - 3*v. Suppose -2*c - m = -5*c. Suppose 3*g - c = 2*g. List the prime factors of g.
2, 3
Let r = 2413 - 1300. What are the prime factors of r?
3, 7, 53
Let h(f) = f**3 + 4*f**2 - 4*f + 3. Let c = -23 + 19. List the prime factors of h(c).
19
List the prime factors of 20/6*(-9)/18*-1299.
5, 433
List the prime factors of 26/(-10) + (-8)/20 + 175.
2, 43
Let r = -26 - -41. Suppose -3*u = -h - 2*u + r, 2*u + 6 = 0. What are the prime factors of h?
2, 3
Let j = 4339 + -140. List the prime factors of j.
13, 17, 19
Suppose -25*b = 6621 - 19021. List the prime factors of b.
2, 31
Suppose 0 = 4*h - 79 + 23. Suppose -4*l - h = 230. Let g = l + 88. What are the prime factors of g?
3
Let w(k) = 259*k + 4. Let y be w(-1). Let x = -92 - y. List the prime factors of x.
163
Let b = -1 - -13. Suppose 0 = -14*m + b*m + 14. List the prime factors of m.
7
Suppose 2*m = -5*v + 9145, 3*m = 2*m - 5*v + 4585. List the prime factors of m.
2, 3, 5, 19
Suppose 0 = -3*h - p - 92, 4*h + 7*p - 4*p + 126 = 0. Let w = 77 + h. What are the prime factors of w?
47
Let n(a) = -a**3 + 18*a**2 + 69*a - 64. List the prime factors of n(20).
2, 3, 43
Let h(a) be the first derivative of 3*a**3 + a**2 - 2*a - 6. What are the prime factors of h(-3)?
73
Let c = -108 + 216. What are the prime factors of c?
2, 3
Let b = -155 + 157. Suppose -b*s + 628 + 16 = 0. List the prime factors of s.
2, 7, 23
Suppose -2*u + 2 = -u. Suppose 9 = 2*v - j, 3*v - j = -2*j + 11. Suppose -u*k + 37 = 4*y - 37, -5*k + 191 = v*y. List the prime factors of k.
3, 13
Let q(j) be the second derivative of j**5/20 - 2*j**4/3 + 7*j**3/6 - 3*j**2/2 - 2*j. Let n be q(7). Let h(v) = v**2 - 2*v - 2. List the prime factors of h(n).
13
Let h(u) = u**2 - 10*u + 15. Let n be h(10). Suppose -16 = -0*i - 4*i, 4*f + 28 = i. Let m = n + f. What are the prime factors of m?
3
Let t = 12 + -9. Suppose 57 = t*c - 2*c. Suppose 5*z + c = 287. List the prime factors of z.
2, 23
Let d = 10 - 6. What are the prime factors of 10/5 + 568/d?
2, 3
Let s = -6 - -9. Suppose s*t - 5*t - 3 = 3*f, -t - 1 = f. Suppose t = 4*q + u - 96, 5*u = 13 + 7. List the prime factors of q.
23
Let q = -30 - -34. Suppose 50 = -q*c + 5*c. List the prime factors of c.
2, 5
Let a(h) = -1250 + 1307 + 5*h + 3*h. What are the prime factors of a(18)?
3, 67
Let c(w) = -w**2 + 19*w + 2. Let k be c(19). Suppose 117 = k*n + 11. Suppose n = -3*s + 206. 